{"id":9,"date":"2011-06-24T21:38:15","date_gmt":"2011-06-24T21:38:15","guid":{"rendered":"https:\/\/red.pucp.edu.pe\/ridei\/?page_id=9"},"modified":"2013-09-10T10:15:11","modified_gmt":"2013-09-10T15:15:11","slug":"presentacion","status":"publish","type":"page","link":"https:\/\/red.pucp.edu.pe\/ridei\/sobre-ridei\/presentacion\/","title":{"rendered":"Presentaci\u00f3n"},"content":{"rendered":"<p>Los conflictos sociales de los \u00faltimos a\u00f1os evidencian la carencia de una perspectiva que aporte a una mejor comprensi\u00f3n de los hechos sociales desde el reconocimiento de las diferencias socioculturales existentes en nuestros pa\u00edses.<\/p>\n<p>Hacer realidad esta perspectiva supone tomar el compromiso de trabajar arduamente con personas e instituciones comprometidas con la educaci\u00f3n intercultural, la investigaci\u00f3n acad\u00e9mica y la incidencia pol\u00edtica, la misma que desde hace 9 a\u00f1os la RIDEI-PUCP viene desarrollando.<\/p>\n<p>En esta l\u00ednea venimos incentivando redes y alianzas institucionales que nos permiten desarrollar proyectos y actividades concertadas orientadas a promover cambios a mediano y largo plazo dirigidos a construir una sociedad m\u00e1s justa en la que la convivencia se alimente del aprendizaje mutuo y sin prejuicios entre grupos y personas de or\u00edgenes sociales y culturales diferentes.<\/p>\n","protected":false},"excerpt":{"rendered":"<p>Los conflictos sociales de los \u00faltimos a\u00f1os evidencian la carencia de una perspectiva que aporte a una mejor comprensi\u00f3n de los hechos sociales desde el reconocimiento de las diferencias socioculturales existentes en nuestros pa\u00edses. Hacer realidad esta perspectiva supone tomar el compromiso de trabajar arduamente con personas e instituciones comprometidas con la educaci\u00f3n intercultural, la investigaci\u00f3n acad\u00e9mica y la incidencia pol\u00edtica, la misma que desde hace 9 a\u00f1os la RIDEI-PUCP viene desarrollando. En esta l\u00ednea venimos incentivando redes y alianzas institucionales que nos permiten desarrollar proyectos y actividades concertadas orientadas a promover cambios a mediano y largo plazo dirigidos a construir una sociedad m\u00e1s justa en la que la convivencia se alimente del aprendizaje mutuo y sin prejuicios entre grupos y personas de or\u00edgenes sociales y culturales diferentes.<\/p>\n","protected":false},"author":1,"featured_media":0,"parent":21978,"menu_order":0,"comment_status":"open","ping_status":"open","template":"","meta":{"footnotes":""},"class_list":["post-9","page","type-page","status-publish","hentry"],"yoast_head":"<!-- This site is optimized with the Yoast SEO plugin v24.5 - https:\/\/yoast.com\/wordpress\/plugins\/seo\/ -->\n<title>Presentaci\u00f3n - PUCP | RIDEI<\/title>\n<meta name=\"robots\" content=\"index, follow, max-snippet:-1, max-image-preview:large, max-video-preview:-1\" \/>\n<link rel=\"canonical\" href=\"https:\/\/red.pucp.edu.pe\/ridei\/sobre-ridei\/presentacion\/\" \/>\n<meta property=\"og:locale\" content=\"es_ES\" \/>\n<meta property=\"og:type\" content=\"article\" \/>\n<meta property=\"og:title\" content=\"Presentaci\u00f3n - PUCP | RIDEI\" \/>\n<meta property=\"og:description\" content=\"Los conflictos sociales de los \u00faltimos a\u00f1os evidencian la carencia de una perspectiva que aporte a una mejor comprensi\u00f3n de los hechos sociales desde el reconocimiento de las diferencias socioculturales existentes en nuestros pa\u00edses. Hacer realidad esta perspectiva supone tomar el compromiso de trabajar arduamente con personas e instituciones comprometidas con la educaci\u00f3n intercultural, la investigaci\u00f3n acad\u00e9mica y la incidencia pol\u00edtica, la misma que desde hace 9 a\u00f1os la RIDEI-PUCP viene desarrollando. En esta l\u00ednea venimos incentivando redes y alianzas institucionales que nos permiten desarrollar proyectos y actividades concertadas orientadas a promover cambios a mediano y largo plazo dirigidos a construir una sociedad m\u00e1s justa en la que la convivencia se alimente del aprendizaje mutuo y sin prejuicios entre grupos y personas de or\u00edgenes sociales y culturales diferentes.\" \/>\n<meta property=\"og:url\" content=\"https:\/\/red.pucp.edu.pe\/ridei\/sobre-ridei\/presentacion\/\" \/>\n<meta property=\"og:site_name\" content=\"PUCP | RIDEI\" \/>\n<meta property=\"article:modified_time\" content=\"2013-09-10T15:15:11+00:00\" \/>\n<meta name=\"twitter:card\" content=\"summary_large_image\" \/>\n<meta name=\"twitter:label1\" content=\"Tiempo de lectura\" \/>\n\t<meta name=\"twitter:data1\" content=\"1 minuto\" \/>\n<script type=\"application\/ld+json\" class=\"yoast-schema-graph\">{\"@context\":\"https:\/\/schema.org\",\"@graph\":[{\"@type\":\"WebPage\",\"@id\":\"https:\/\/red.pucp.edu.pe\/ridei\/sobre-ridei\/presentacion\/\",\"url\":\"https:\/\/red.pucp.edu.pe\/ridei\/sobre-ridei\/presentacion\/\",\"name\":\"Presentaci\u00f3n - PUCP | RIDEI\",\"isPartOf\":{\"@id\":\"https:\/\/red.pucp.edu.pe\/ridei\/#website\"},\"datePublished\":\"2011-06-24T21:38:15+00:00\",\"dateModified\":\"2013-09-10T15:15:11+00:00\",\"breadcrumb\":{\"@id\":\"https:\/\/red.pucp.edu.pe\/ridei\/sobre-ridei\/presentacion\/#breadcrumb\"},\"inLanguage\":\"es\",\"potentialAction\":[{\"@type\":\"ReadAction\",\"target\":[\"https:\/\/red.pucp.edu.pe\/ridei\/sobre-ridei\/presentacion\/\"]}]},{\"@type\":\"BreadcrumbList\",\"@id\":\"https:\/\/red.pucp.edu.pe\/ridei\/sobre-ridei\/presentacion\/#breadcrumb\",\"itemListElement\":[{\"@type\":\"ListItem\",\"position\":1,\"name\":\"Portada\",\"item\":\"https:\/\/red.pucp.edu.pe\/ridei\/\"},{\"@type\":\"ListItem\",\"position\":2,\"name\":\"Sobre RIDEI\",\"item\":\"https:\/\/red.pucp.edu.pe\/ridei\/sobre-ridei\/\"},{\"@type\":\"ListItem\",\"position\":3,\"name\":\"Presentaci\u00f3n\"}]},{\"@type\":\"WebSite\",\"@id\":\"https:\/\/red.pucp.edu.pe\/ridei\/#website\",\"url\":\"https:\/\/red.pucp.edu.pe\/ridei\/\",\"name\":\"PUCP | RIDEI\",\"description\":\"Red Internacional de estudios Interculturales\",\"potentialAction\":[{\"@type\":\"SearchAction\",\"target\":{\"@type\":\"EntryPoint\",\"urlTemplate\":\"https:\/\/red.pucp.edu.pe\/ridei\/?s={search_term_string}\"},\"query-input\":{\"@type\":\"PropertyValueSpecification\",\"valueRequired\":true,\"valueName\":\"search_term_string\"}}],\"inLanguage\":\"es\"}]}<\/script>\n<!-- \/ Yoast SEO plugin. -->","yoast_head_json":{"title":"Presentaci\u00f3n - PUCP | RIDEI","robots":{"index":"index","follow":"follow","max-snippet":"max-snippet:-1","max-image-preview":"max-image-preview:large","max-video-preview":"max-video-preview:-1"},"canonical":"https:\/\/red.pucp.edu.pe\/ridei\/sobre-ridei\/presentacion\/","og_locale":"es_ES","og_type":"article","og_title":"Presentaci\u00f3n - PUCP | RIDEI","og_description":"Los conflictos sociales de los \u00faltimos a\u00f1os evidencian la carencia de una perspectiva que aporte a una mejor comprensi\u00f3n de los hechos sociales desde el reconocimiento de las diferencias socioculturales existentes en nuestros pa\u00edses. Hacer realidad esta perspectiva supone tomar el compromiso de trabajar arduamente con personas e instituciones comprometidas con la educaci\u00f3n intercultural, la investigaci\u00f3n acad\u00e9mica y la incidencia pol\u00edtica, la misma que desde hace 9 a\u00f1os la RIDEI-PUCP viene desarrollando. En esta l\u00ednea venimos incentivando redes y alianzas institucionales que nos permiten desarrollar proyectos y actividades concertadas orientadas a promover cambios a mediano y largo plazo dirigidos a construir una sociedad m\u00e1s justa en la que la convivencia se alimente del aprendizaje mutuo y sin prejuicios entre grupos y personas de or\u00edgenes sociales y culturales diferentes.","og_url":"https:\/\/red.pucp.edu.pe\/ridei\/sobre-ridei\/presentacion\/","og_site_name":"PUCP | RIDEI","article_modified_time":"2013-09-10T15:15:11+00:00","twitter_card":"summary_large_image","twitter_misc":{"Tiempo de lectura":"1 minuto"},"schema":{"@context":"https:\/\/schema.org","@graph":[{"@type":"WebPage","@id":"https:\/\/red.pucp.edu.pe\/ridei\/sobre-ridei\/presentacion\/","url":"https:\/\/red.pucp.edu.pe\/ridei\/sobre-ridei\/presentacion\/","name":"Presentaci\u00f3n - PUCP | RIDEI","isPartOf":{"@id":"https:\/\/red.pucp.edu.pe\/ridei\/#website"},"datePublished":"2011-06-24T21:38:15+00:00","dateModified":"2013-09-10T15:15:11+00:00","breadcrumb":{"@id":"https:\/\/red.pucp.edu.pe\/ridei\/sobre-ridei\/presentacion\/#breadcrumb"},"inLanguage":"es","potentialAction":[{"@type":"ReadAction","target":["https:\/\/red.pucp.edu.pe\/ridei\/sobre-ridei\/presentacion\/"]}]},{"@type":"BreadcrumbList","@id":"https:\/\/red.pucp.edu.pe\/ridei\/sobre-ridei\/presentacion\/#breadcrumb","itemListElement":[{"@type":"ListItem","position":1,"name":"Portada","item":"https:\/\/red.pucp.edu.pe\/ridei\/"},{"@type":"ListItem","position":2,"name":"Sobre RIDEI","item":"https:\/\/red.pucp.edu.pe\/ridei\/sobre-ridei\/"},{"@type":"ListItem","position":3,"name":"Presentaci\u00f3n"}]},{"@type":"WebSite","@id":"https:\/\/red.pucp.edu.pe\/ridei\/#website","url":"https:\/\/red.pucp.edu.pe\/ridei\/","name":"PUCP | RIDEI","description":"Red Internacional de estudios Interculturales","potentialAction":[{"@type":"SearchAction","target":{"@type":"EntryPoint","urlTemplate":"https:\/\/red.pucp.edu.pe\/ridei\/?s={search_term_string}"},"query-input":{"@type":"PropertyValueSpecification","valueRequired":true,"valueName":"search_term_string"}}],"inLanguage":"es"}]}},"_links":{"self":[{"href":"https:\/\/red.pucp.edu.pe\/ridei\/wp-json\/wp\/v2\/pages\/9","targetHints":{"allow":["GET"]}}],"collection":[{"href":"https:\/\/red.pucp.edu.pe\/ridei\/wp-json\/wp\/v2\/pages"}],"about":[{"href":"https:\/\/red.pucp.edu.pe\/ridei\/wp-json\/wp\/v2\/types\/page"}],"author":[{"embeddable":true,"href":"https:\/\/red.pucp.edu.pe\/ridei\/wp-json\/wp\/v2\/users\/1"}],"replies":[{"embeddable":true,"href":"https:\/\/red.pucp.edu.pe\/ridei\/wp-json\/wp\/v2\/comments?post=9"}],"version-history":[{"count":0,"href":"https:\/\/red.pucp.edu.pe\/ridei\/wp-json\/wp\/v2\/pages\/9\/revisions"}],"up":[{"embeddable":true,"href":"https:\/\/red.pucp.edu.pe\/ridei\/wp-json\/wp\/v2\/pages\/21978"}],"wp:attachment":[{"href":"https:\/\/red.pucp.edu.pe\/ridei\/wp-json\/wp\/v2\/media?parent=9"}],"curies":[{"name":"wp","href":"https:\/\/api.w.org\/{rel}","templated":true}]}}

Presentación

<p>Los conflictos sociales de los últimos años evidencian la carencia de una perspectiva que aporte a una mejor comprensión de los hechos sociales desde el reconocimiento de las diferencias socioculturales existentes en nuestros países.</p>
<p>Hacer realidad esta perspectiva supone tomar el compromiso de trabajar arduamente con personas e instituciones comprometidas con la educación intercultural, la investigación académica y la incidencia política, la misma que desde hace 9 años la RIDEI-PUCP viene desarrollando.</p>
<p>En esta línea venimos incentivando redes y alianzas institucionales que nos permiten desarrollar proyectos y actividades concertadas orientadas a promover cambios a mediano y largo plazo dirigidos a construir una sociedad más justa en la que la convivencia se alimente del aprendizaje mutuo y sin prejuicios entre grupos y personas de orígenes sociales y culturales diferentes.</p>

<p>Los conflictos sociales de los últimos años evidencian la carencia de una perspectiva que aporte a una mejor comprensión de los hechos sociales desde el reconocimiento de las diferencias socioculturales existentes en nuestros países. Hacer realidad esta perspectiva supone tomar el compromiso de trabajar arduamente con personas e instituciones comprometidas con la educación intercultural, la investigación académica y la incidencia política, la misma que desde hace 9 años la RIDEI-PUCP viene desarrollando. En esta línea venimos incentivando redes y alianzas institucionales que nos permiten desarrollar proyectos y actividades concertadas orientadas a promover cambios a mediano y largo plazo dirigidos a construir una sociedad más justa en la que la convivencia se alimente del aprendizaje mutuo y sin prejuicios entre grupos y personas de orígenes sociales y culturales diferentes.</p>

<!-- This site is optimized with the Yoast SEO plugin v24.5 - https://yoast.com/wordpress/plugins/seo/ -->
<title>Presentación - PUCP | RIDEI</title>
<meta name="robots" content="index, follow, max-snippet:-1, max-image-preview:large, max-video-preview:-1" />
<link rel="canonical" href="https://red.pucp.edu.pe/ridei/sobre-ridei/presentacion/" />
<meta property="og:locale" content="es_ES" />
<meta property="og:type" content="article" />
<meta property="og:title" content="Presentación - PUCP | RIDEI" />
<meta property="og:description" content="Los conflictos sociales de los últimos años evidencian la carencia de una perspectiva que aporte a una mejor comprensión de los hechos sociales desde el reconocimiento de las diferencias socioculturales existentes en nuestros países. Hacer realidad esta perspectiva supone tomar el compromiso de trabajar arduamente con personas e instituciones comprometidas con la educación intercultural, la investigación académica y la incidencia política, la misma que desde hace 9 años la RIDEI-PUCP viene desarrollando. En esta línea venimos incentivando redes y alianzas institucionales que nos permiten desarrollar proyectos y actividades concertadas orientadas a promover cambios a mediano y largo plazo dirigidos a construir una sociedad más justa en la que la convivencia se alimente del aprendizaje mutuo y sin prejuicios entre grupos y personas de orígenes sociales y culturales diferentes." />
<meta property="og:url" content="https://red.pucp.edu.pe/ridei/sobre-ridei/presentacion/" />
<meta property="og:site_name" content="PUCP | RIDEI" />
<meta property="article:modified_time" content="2013-09-10T15:15:11+00:00" />
<meta name="twitter:card" content="summary_large_image" />
<meta name="twitter:label1" content="Tiempo de lectura" />
	<meta name="twitter:data1" content="1 minuto" />
<script type="application/ld+json" class="yoast-schema-graph">{"@context":"https://schema.org","@graph":[{"@type":"WebPage","@id":"https://red.pucp.edu.pe/ridei/sobre-ridei/presentacion/","url":"https://red.pucp.edu.pe/ridei/sobre-ridei/presentacion/","name":"Presentación - PUCP | RIDEI","isPartOf":{"@id":"https://red.pucp.edu.pe/ridei/#website"},"datePublished":"2011-06-24T21:38:15+00:00","dateModified":"2013-09-10T15:15:11+00:00","breadcrumb":{"@id":"https://red.pucp.edu.pe/ridei/sobre-ridei/presentacion/#breadcrumb"},"inLanguage":"es","potentialAction":[{"@type":"ReadAction","target":["https://red.pucp.edu.pe/ridei/sobre-ridei/presentacion/"]}]},{"@type":"BreadcrumbList","@id":"https://red.pucp.edu.pe/ridei/sobre-ridei/presentacion/#breadcrumb","itemListElement":[{"@type":"ListItem","position":1,"name":"Portada","item":"https://red.pucp.edu.pe/ridei/"},{"@type":"ListItem","position":2,"name":"Sobre RIDEI","item":"https://red.pucp.edu.pe/ridei/sobre-ridei/"},{"@type":"ListItem","position":3,"name":"Presentación"}]},{"@type":"WebSite","@id":"https://red.pucp.edu.pe/ridei/#website","url":"https://red.pucp.edu.pe/ridei/","name":"PUCP | RIDEI","description":"Red Internacional de estudios Interculturales","potentialAction":[{"@type":"SearchAction","target":{"@type":"EntryPoint","urlTemplate":"https://red.pucp.edu.pe/ridei/?s={search_term_string}"},"query-input":{"@type":"PropertyValueSpecification","valueRequired":true,"valueName":"search_term_string"}}],"inLanguage":"es"}]}</script>
<!-- / Yoast SEO plugin. -->

Presentación - PUCP | RIDEI

Los conflictos sociales de los últimos años evidencian la carencia de una perspectiva que aporte a una mejor comprensión de los hechos sociales desde el reconocimiento de las diferencias socioculturales existentes en nuestros países. Hacer realidad esta perspectiva supone tomar el compromiso de trabajar arduamente con personas e instituciones comprometidas con la educación intercultural, la investigación académica y la incidencia política, la misma que desde hace 9 años la RIDEI-PUCP viene desarrollando. En esta línea venimos incentivando redes y alianzas institucionales que nos permiten desarrollar proyectos y actividades concertadas orientadas a promover cambios a mediano y largo plazo dirigidos a construir una sociedad más justa en la que la convivencia se alimente del aprendizaje mutuo y sin prejuicios entre grupos y personas de orígenes sociales y culturales diferentes.
