{"id":977,"date":"2023-12-16T23:24:04","date_gmt":"2023-12-16T23:24:04","guid":{"rendered":"https:\/\/red.pucp.edu.pe\/cipher\/?page_id=977"},"modified":"2025-05-26T15:14:04","modified_gmt":"2025-05-26T20:14:04","slug":"actas-asambleas","status":"publish","type":"page","link":"https:\/\/red.pucp.edu.pe\/cipher\/nosotros\/actas-asambleas\/","title":{"rendered":"FUNDACI\u00d3N Y ACTAS ASAMBLEAS"},"content":{"rendered":"","protected":false},"excerpt":{"rendered":"","protected":false},"author":4,"featured_media":0,"parent":10,"menu_order":0,"comment_status":"closed","ping_status":"closed","template":"","meta":{"_acf_changed":false},"class_list":["post-977","page","type-page","status-publish","hentry"],"acf":[],"yoast_head":"<!-- This site is optimized with the Yoast SEO plugin v27.0 - https:\/\/yoast.com\/product\/yoast-seo-wordpress\/ -->\n<title>FUNDACI\u00d3N Y ACTAS ASAMBLEAS - C\u00edrculo Peruano de Fenomenolog\u00eda y Hermen\u00e9utica - CIPHER PUCP<\/title>\n<meta name=\"robots\" content=\"index, follow, max-snippet:-1, max-image-preview:large, max-video-preview:-1\" \/>\n<link rel=\"canonical\" href=\"https:\/\/red.pucp.edu.pe\/cipher\/nosotros\/actas-asambleas\/\" \/>\n<meta property=\"og:locale\" content=\"es_ES\" \/>\n<meta property=\"og:type\" content=\"article\" \/>\n<meta property=\"og:title\" content=\"FUNDACI\u00d3N Y ACTAS ASAMBLEAS - C\u00edrculo Peruano de Fenomenolog\u00eda y Hermen\u00e9utica - CIPHER PUCP\" \/>\n<meta property=\"og:url\" content=\"https:\/\/red.pucp.edu.pe\/cipher\/nosotros\/actas-asambleas\/\" \/>\n<meta property=\"og:site_name\" content=\"C\u00edrculo Peruano de Fenomenolog\u00eda y Hermen\u00e9utica - CIPHER PUCP\" \/>\n<meta property=\"article:modified_time\" content=\"2025-05-26T20:14:04+00:00\" \/>\n<meta name=\"twitter:card\" content=\"summary_large_image\" \/>\n<script type=\"application\/ld+json\" class=\"yoast-schema-graph\">{\"@context\":\"https:\/\/schema.org\",\"@graph\":[{\"@type\":\"WebPage\",\"@id\":\"https:\/\/red.pucp.edu.pe\/cipher\/nosotros\/actas-asambleas\/\",\"url\":\"https:\/\/red.pucp.edu.pe\/cipher\/nosotros\/actas-asambleas\/\",\"name\":\"FUNDACI\u00d3N Y ACTAS ASAMBLEAS - C\u00edrculo Peruano de Fenomenolog\u00eda y Hermen\u00e9utica - CIPHER PUCP\",\"isPartOf\":{\"@id\":\"https:\/\/red.pucp.edu.pe\/cipher\/#website\"},\"datePublished\":\"2023-12-16T23:24:04+00:00\",\"dateModified\":\"2025-05-26T20:14:04+00:00\",\"breadcrumb\":{\"@id\":\"https:\/\/red.pucp.edu.pe\/cipher\/nosotros\/actas-asambleas\/#breadcrumb\"},\"inLanguage\":\"es\",\"potentialAction\":[{\"@type\":\"ReadAction\",\"target\":[[\"https:\/\/red.pucp.edu.pe\/cipher\/nosotros\/actas-asambleas\/\"]]}]},{\"@type\":\"BreadcrumbList\",\"@id\":\"https:\/\/red.pucp.edu.pe\/cipher\/nosotros\/actas-asambleas\/#breadcrumb\",\"itemListElement\":[{\"@type\":\"ListItem\",\"position\":1,\"name\":\"Portada\",\"item\":\"https:\/\/red.pucp.edu.pe\/cipher\/\"},{\"@type\":\"ListItem\",\"position\":2,\"name\":\"Nosotros\",\"item\":\"https:\/\/red.pucp.edu.pe\/cipher\/nosotros\/\"},{\"@type\":\"ListItem\",\"position\":3,\"name\":\"FUNDACI\u00d3N Y ACTAS ASAMBLEAS\"}]},{\"@type\":\"WebSite\",\"@id\":\"https:\/\/red.pucp.edu.pe\/cipher\/#website\",\"url\":\"https:\/\/red.pucp.edu.pe\/cipher\/\",\"name\":\"C\u00edrculo Peruano de Fenomenolog\u00eda y Hermen\u00e9utica - CIPHER PUCP\",\"description\":\"Brindamos un espacio para el intercambio y la investigaci\u00f3n en fenomenolog\u00eda y hermen\u00e9utica.\",\"potentialAction\":[{\"@type\":\"SearchAction\",\"target\":{\"@type\":\"EntryPoint\",\"urlTemplate\":\"https:\/\/red.pucp.edu.pe\/cipher\/?s={search_term_string}\"},\"query-input\":{\"@type\":\"PropertyValueSpecification\",\"valueRequired\":true,\"valueName\":\"search_term_string\"}}],\"inLanguage\":\"es\"}]}<\/script>\n<!-- \/ Yoast SEO plugin. -->","yoast_head_json":{"title":"FUNDACI\u00d3N Y ACTAS ASAMBLEAS - C\u00edrculo Peruano de Fenomenolog\u00eda y Hermen\u00e9utica - CIPHER PUCP","robots":{"index":"index","follow":"follow","max-snippet":"max-snippet:-1","max-image-preview":"max-image-preview:large","max-video-preview":"max-video-preview:-1"},"canonical":"https:\/\/red.pucp.edu.pe\/cipher\/nosotros\/actas-asambleas\/","og_locale":"es_ES","og_type":"article","og_title":"FUNDACI\u00d3N Y ACTAS ASAMBLEAS - C\u00edrculo Peruano de Fenomenolog\u00eda y Hermen\u00e9utica - CIPHER PUCP","og_url":"https:\/\/red.pucp.edu.pe\/cipher\/nosotros\/actas-asambleas\/","og_site_name":"C\u00edrculo Peruano de Fenomenolog\u00eda y Hermen\u00e9utica - CIPHER PUCP","article_modified_time":"2025-05-26T20:14:04+00:00","twitter_card":"summary_large_image","schema":{"@context":"https:\/\/schema.org","@graph":[{"@type":"WebPage","@id":"https:\/\/red.pucp.edu.pe\/cipher\/nosotros\/actas-asambleas\/","url":"https:\/\/red.pucp.edu.pe\/cipher\/nosotros\/actas-asambleas\/","name":"FUNDACI\u00d3N Y ACTAS ASAMBLEAS - C\u00edrculo Peruano de Fenomenolog\u00eda y Hermen\u00e9utica - CIPHER PUCP","isPartOf":{"@id":"https:\/\/red.pucp.edu.pe\/cipher\/#website"},"datePublished":"2023-12-16T23:24:04+00:00","dateModified":"2025-05-26T20:14:04+00:00","breadcrumb":{"@id":"https:\/\/red.pucp.edu.pe\/cipher\/nosotros\/actas-asambleas\/#breadcrumb"},"inLanguage":"es","potentialAction":[{"@type":"ReadAction","target":[["https:\/\/red.pucp.edu.pe\/cipher\/nosotros\/actas-asambleas\/"]]}]},{"@type":"BreadcrumbList","@id":"https:\/\/red.pucp.edu.pe\/cipher\/nosotros\/actas-asambleas\/#breadcrumb","itemListElement":[{"@type":"ListItem","position":1,"name":"Portada","item":"https:\/\/red.pucp.edu.pe\/cipher\/"},{"@type":"ListItem","position":2,"name":"Nosotros","item":"https:\/\/red.pucp.edu.pe\/cipher\/nosotros\/"},{"@type":"ListItem","position":3,"name":"FUNDACI\u00d3N Y ACTAS ASAMBLEAS"}]},{"@type":"WebSite","@id":"https:\/\/red.pucp.edu.pe\/cipher\/#website","url":"https:\/\/red.pucp.edu.pe\/cipher\/","name":"C\u00edrculo Peruano de Fenomenolog\u00eda y Hermen\u00e9utica - CIPHER PUCP","description":"Brindamos un espacio para el intercambio y la investigaci\u00f3n en fenomenolog\u00eda y hermen\u00e9utica.","potentialAction":[{"@type":"SearchAction","target":{"@type":"EntryPoint","urlTemplate":"https:\/\/red.pucp.edu.pe\/cipher\/?s={search_term_string}"},"query-input":{"@type":"PropertyValueSpecification","valueRequired":true,"valueName":"search_term_string"}}],"inLanguage":"es"}]}},"_links":{"self":[{"href":"https:\/\/red.pucp.edu.pe\/cipher\/wp-json\/wp\/v2\/pages\/977","targetHints":{"allow":["GET"]}}],"collection":[{"href":"https:\/\/red.pucp.edu.pe\/cipher\/wp-json\/wp\/v2\/pages"}],"about":[{"href":"https:\/\/red.pucp.edu.pe\/cipher\/wp-json\/wp\/v2\/types\/page"}],"author":[{"embeddable":true,"href":"https:\/\/red.pucp.edu.pe\/cipher\/wp-json\/wp\/v2\/users\/4"}],"replies":[{"embeddable":true,"href":"https:\/\/red.pucp.edu.pe\/cipher\/wp-json\/wp\/v2\/comments?post=977"}],"version-history":[{"count":3,"href":"https:\/\/red.pucp.edu.pe\/cipher\/wp-json\/wp\/v2\/pages\/977\/revisions"}],"predecessor-version":[{"id":1244,"href":"https:\/\/red.pucp.edu.pe\/cipher\/wp-json\/wp\/v2\/pages\/977\/revisions\/1244"}],"up":[{"embeddable":true,"href":"https:\/\/red.pucp.edu.pe\/cipher\/wp-json\/wp\/v2\/pages\/10"}],"wp:attachment":[{"href":"https:\/\/red.pucp.edu.pe\/cipher\/wp-json\/wp\/v2\/media?parent=977"}],"curies":[{"name":"wp","href":"https:\/\/api.w.org\/{rel}","templated":true}]}}